-m(n) - 5*x(n). Let r be l(-10). What is the greatest common factor of r and 143?
13
Let q = -625 + 627. Suppose 4*p - 45 = 5*r, 0*r + 21 = q*p - r. Calculate the highest common factor of 145 and p.
5
Suppose 21*r - 93*r + 4608 = 0. Calculate the highest common factor of r and 2096.
16
Let f be 2/2 + 2 + 1 - 2. Suppose 4*x - f*x - 150 = 0. What is the highest common divisor of x and 975?
75
Suppose -6*i + 5 = -13. Let u be 142/(-15)*i - 4/(-10). Let y = u - -44. What is the highest common divisor of 144 and y?
16
Let j be (-16)/184 - (-96)/(-92)*-2. Let m be ((-1)/j)/((-2)/164). What is the highest common factor of 1025 and m?
41
Suppose -1386*m = -1374*m - 720. What is the greatest common divisor of 6735 and m?
15
Let u(k) be the first derivative of -k**3/3 - 8*k**2 + 3*k + 4. Suppose 0 = 7*p + 31 + 4. Let s be u(p). What is the highest common divisor of s and 406?
58
Let i(l) = l**2 + 5*l + 9. Let s be i(-4). Suppose 252 = s*z + 3*d, 0 = -4*z - 2*d + 7*d + 209. What is the greatest common factor of 391 and z?
17
Let c(w) = -w**3 + 22*w**2 + 26*w - 35. Let h be c(23). What is the greatest common divisor of 4556 and h?
34
Let m(k) = 4*k + 8. Let x be m(8). Let l = x + -38. Suppose -4*u + 2*i = 4*i - 268, 138 = 2*u + l*i. Calculate the greatest common divisor of 26 and u.
13
Suppose -5*b = 2*q - 960, -2*q + 51*b - 48*b + 976 = 0. What is the greatest common factor of q and 3589?
97
Suppose 2*z + 709 = -5*i + 118, 3*z - 4*i + 829 = 0. Let a = -270 - z. What is the greatest common divisor of 13 and a?
13
Let j = 13 + -8. Suppose 95*f - 24 = 89*f. Suppose -4*l + 184 - 40 = -f*r, -2*l + 65 = 5*r. Calculate the highest common divisor of l and j.
5
Suppose -o + 395 = 3*l - 96, -5*o - 2*l = -2442. Let p(j) = j**3 - 5*j**2 - 37*j + 194. Let a be p(6). Calculate the greatest common divisor of o and a.
8
Let t = 36 - 86. Suppose 2*y - 181 = 3*a + 4, 2*a + 126 = 4*y. Let w = t - a. What is the highest common factor of 11 and w?
11
Let o = -313 - -313. Suppose -6*m - 11 + 65 = o. Calculate the greatest common factor of 2 and m.
1
Let z(m) = -20*m**2 - 2*m - 1. Let v be z(-1). Let l(q) = -12*q - 60. Let h be l(v). What is the greatest common factor of h and 42?
42
Suppose 5*f = 46 + 124. Suppose f = -14*g + 15*g. Calculate the greatest common divisor of g and 119.
17
Let k = -1277 - -1329. Calculate the greatest common divisor of k and 1846.
26
Let p = 22 + -57. Let m = 59 + p. Let b be 2/8 + 570/m. Calculate the highest common factor of b and 120.
24
Let z = 242 - 95. Suppose 0*l = -5*s + 2*l + 18, -2*l + 10 = 2*s. Suppose -55 - 29 = -s*q. Calculate the highest common factor of q and z.
21
Suppose 4*h + 26 + 18 = x, 3*x + 4*h - 100 = 0. Suppose -43*l = -x*l - 2639. Calculate the highest common divisor of 13 and l.
13
Let n(u) = 87*u**3 + 4*u**2 - 6*u + 4. Let f be n(2). Let z = f + -288. Calculate the highest common divisor of z and 26.
26
Let f be (8 + 9/27)/((-1)/(-27)). Let q be f/30 + (-1*3)/(-6). What is the greatest common factor of 736 and q?
8
Let s = -2985 + 3345. Suppose 5*k - 240 = k. What is the highest common divisor of s and k?
60
Let z(u) be the third derivative of u**5/60 - u**4/2 - 26*u**3/3 - 15*u**2. Let q be z(17). What is the highest common factor of q and 3?
3
Suppose 0 = -s - 3*s + 12, -4*f - 442 = -2*s. Let g = -59 - f. Suppose 0*b + g = 2*b. Calculate the highest common factor of 175 and b.
25
Let k = 397 + -382. Let d = k - -15. Calculate the highest common divisor of 50 and d.
10
Let s be ((-20)/3)/((-6)/45). Let n = -16 + s. Suppose 2*v - 13 = 21. What is the greatest common factor of v and n?
17
Let h = -144 + 148. Let n = h - -22. Calculate the greatest common divisor of n and 65.
13
Let z = 1514 - 812. Suppose y + 5*y = z. Let t = -19 + 97. What is the highest common factor of t and y?
39
Suppose 5*x - 2*z - 23 = -0*x, 2*z = 3*x - 17. Calculate the greatest common divisor of 141 and x.
3
Suppose -t - 191 - 63 = 0. Let j be (-2)/(t/(-51) - 5). What is the greatest common divisor of 6 and j?
6
Let v = 8034 + -8007. Calculate the highest common divisor of 441 and v.
9
Suppose -109*x + 51563 + 4719 = -32553. Calculate the highest common divisor of 20 and x.
5
Let c be 45/(-3) - 7092/(-36). Calculate the greatest common factor of 406 and c.
14
Let c = -4937 + 29680. What is the greatest common divisor of c and 454?
227
Let u = 224 + -275. Let q = u + 233. Calculate the highest common factor of q and 26.
26
Let t be 134*7/(-5)*61/((-915)/300). What is the highest common divisor of 56 and t?
56
Let v(r) be the second derivative of r**3/6 - 11*r**2 + 29*r. Let a be v(17). Let s be a + (-23)/(-5) + 1762/5. What is the greatest common factor of 44 and s?
44
Let c = 10 + -18. Let w = 13 + c. Suppose 3*k - 2*u - 83 = 0, 5*k - 4*u - 137 = 4. Calculate the highest common divisor of k and w.
5
Suppose 0 = 3*g - 13 + 4. Suppose 0 = g*h + 21 - 39. Suppose h*z = 2*z - 3*c + 14, 4*z + 4*c - 12 = 0. What is the highest common divisor of z and 95?
5
Let d = 232 - 136. Suppose 3*p - d = p. Let r = 874 + -862. Calculate the greatest common divisor of p and r.
12
Suppose 128 = -v + 113. Let w be ((-252)/v)/(6/15). Calculate the highest common factor of w and 210.
42
Let g(s) = 6*s**2 - 50*s + 238. Let b be g(7). What is the highest common factor of b and 378?
14
Let d = 9837 - 9834. Calculate the greatest common divisor of d and 1983.
3
Suppose -6*b + 597 + 3447 = 0. Let m = b - -267. Suppose m = 5*h + 141. Calculate the highest common divisor of 16 and h.
16
Suppose -5*f = 5*y + 395 + 665, -4*y + 4 = 0. Let t = f + 438. Let h be 9/6*50/3. What is the greatest common factor of h and t?
25
Suppose k - 2*o - 2 - 106 = 0, 3*o + 457 = 4*k. What is the greatest common factor of k and 295?
59
Suppose -22*p + 19*p - 4*l = -124, -4*p + 157 = -3*l. What is the greatest common factor of 2000 and p?
40
Let j(z) = 2*z**2 + 15*z + 15. Let s = 14 + -10. Let o = -11 + s. Let f be j(o). What is the highest common factor of 1 and f?
1
Suppose -3*o + 140 = 5*n, -88*n + 92*n - 56 = -o. Calculate the highest common factor of 2940 and o.
20
Let o(w) = -3*w**2 - 41*w + 33. Let n be o(-14). Let c be -8*3/(-6) + -8 + n. Calculate the highest common divisor of 120 and c.
15
Suppose 5 + 15 = 10*x. Suppose -17 = -3*c + 5*z, -6 + 24 = x*c - 2*z. What is the highest common divisor of 1 and c?
1
Let i be (-104)/(-468) + 2*2/(-18). Suppose -3*y - 27 = 3*s, 1 = y - i*y - s. Let w = y + 28. Calculate the greatest common factor of 32 and w.
8
Suppose 6*l = 3*l + 12. Let p be (2/8)/((-177)/(-29736)). Calculate the greatest common divisor of l and p.
2
Let z = -4614 - -4680. What is the highest common divisor of z and 1408?
22
Suppose -151*g + 131*g + 200 = 0. Let r(x) = x**2 - 3*x + 2. Let h be r(3). Suppose h + 28 = d. Calculate the highest common divisor of d and g.
10
Let k = -107458 + 107508. Let o be (-19)/(-2) + 4/8. What is the highest common factor of o and k?
10
Let g = 655 - 653. Let b be (-202 + g)*(174/(-24) - -5). Calculate the greatest common divisor of 5 and b.
5
Let y be ((0/5)/1)/(-4). Let m be (y - 20)*(2 - 4). What is the highest common divisor of 8 and m?
8
Let q(g) = 3*g**2 + 15*g - 7. Let c be q(-6). Let p be (-741)/(-33) + 6/c. Calculate the greatest common factor of p and 115.
23
Suppose q + 3*d - 294 = 4*q, 4*d = 0. Let a = q - -140. Suppose 3 = p - a. Calculate the greatest common factor of p and 360.
45
Suppose 125*n = 131*n - 960. Let u = -151 + n. Calculate the highest common factor of 15 and u.
3
Suppose 231 + 729 = 20*o. Let j(y) = y**3 - 4*y**2 - 2*y - 5. Let c be j(5). Suppose 8*d = c*d - o. Calculate the highest common divisor of 8 and d.
8
Let m(r) = 2*r**2 - 69*r + 807. Let x be m(11). Calculate the greatest common factor of x and 9715.
145
Let s = -12264 - -12419. What is the greatest common divisor of 415 and s?
5
Let n(k) = -457*k**3 - k. Let w be n(1). Let o = 468 + w. Calculate the greatest common divisor of 490 and o.
10
Suppose 25*n - n = n + 112079. Calculate the highest common factor of n and 11.
11
Let w(p) = 2*p**2 + 272*p - 1393. Let n be w(5). What is the highest common divisor of 25772 and n?
17
Let o = 5456 + -4191. Calculate the greatest common divisor of 115 and o.
115
Let c(r) = r**3 - 18*r**2 - 84*r - 3. Let z be c(23). What